{"id":853,"date":"2024-08-21T22:07:27","date_gmt":"2024-08-21T20:07:27","guid":{"rendered":"https:\/\/aob-badminton-orgeres.fr\/?page_id=853"},"modified":"2026-03-27T19:20:39","modified_gmt":"2026-03-27T18:20:39","slug":"toutes-les-infos-du-club","status":"publish","type":"page","link":"https:\/\/aob-badminton-orgeres.fr\/?page_id=853","title":{"rendered":"Toutes les infos du club"},"content":{"rendered":"\n<p class=\"has-text-align-center\"><strong><span style=\"text-decoration: underline;\">Contact saison 2025 \/ 2026<\/span><\/strong><\/p>\n\n\n\n<p>E-mail de l&rsquo;AOB : orgeres.bad@outlook.com<\/p>\n\n\n\n<p>Pr\u00e9sident : Matthieu PIOC &#8211; 06 61 74 85 91<\/p>\n\n\n\n<p>Vice pr\u00e9sident : J\u00e9r\u00f4me BARON<\/p>\n\n\n\n<p>Tr\u00e9sorier : Damien BRIENS<\/p>\n\n\n\n<p>Secr\u00e9taire : Cleo <\/p>\n\n\n\n<p><\/p>\n\n\n\n<p><br>Responsable technique : Olivier KERNEIS &#8211; 06 10 47 27 71<\/p>\n\n\n\n<p><\/p>\n\n\n\n<ul class=\"wp-block-social-links is-layout-flex wp-block-social-links-is-layout-flex\"><li class=\"wp-social-link wp-social-link-facebook  wp-block-social-link\"><a href=\"https:\/\/www.facebook.com\/AOB35\" class=\"wp-block-social-link-anchor\"><svg width=\"24\" height=\"24\" viewBox=\"0 0 24 24\" version=\"1.1\" xmlns=\"http:\/\/www.w3.org\/2000\/svg\" aria-hidden=\"true\" focusable=\"false\"><path d=\"M12 2C6.5 2 2 6.5 2 12c0 5 3.7 9.1 8.4 9.9v-7H7.9V12h2.5V9.8c0-2.5 1.5-3.9 3.8-3.9 1.1 0 2.2.2 2.2.2v2.5h-1.3c-1.2 0-1.6.8-1.6 1.6V12h2.8l-.4 2.9h-2.3v7C18.3 21.1 22 17 22 12c0-5.5-4.5-10-10-10z\"><\/path><\/svg><span class=\"wp-block-social-link-label screen-reader-text\">Facebook<\/span><\/a><\/li><\/ul>\n\n\n\n<p class=\"has-text-align-center\"><strong><u>Cr\u00e9neaux Saison 2024 \/ 202<\/u><\/strong>5<\/p>\n\n\n\n<p class=\"has-text-align-left\"><br><strong><em>C<\/em><\/strong><strong><em>r\u00e9neaux adultes :<\/em><\/strong><\/p>\n\n\n\n<ul class=\"wp-block-list\">\n<li>&nbsp;<strong>Le lundi<\/strong>&nbsp;s\u00e9ances<strong> perfectionnement S\u00e9nior, Junior, Cadet<\/strong>&nbsp;&#8211;&nbsp;<strong>Cours&nbsp; de 19h30 \u00e0 20h30 adultes ou Junior<\/strong>. Jeu libre possible apr\u00e8s 20h30- &nbsp;salle Richard DACOURY<\/li>\n\n\n\n<li><strong>Le lundi<\/strong> s\u00e9ance d\u00e9butant pour adulte de 19h45 \u00e0 20h45 puis jeux libre \u00e0 la salle de la Halle des Sports \u00e0 Org\u00e8res<\/li>\n\n\n\n<li><strong>Le jeudi&nbsp;<\/strong>s\u00e9ances comp\u00e9titeur&nbsp;avec Olivier KERNEIS,&nbsp;<strong>cours de 20h30 \u00e0 21h30 pour les adultes &amp; ado participant au championnat<\/strong>.<em> <strong>Jeu<\/strong><\/em><strong><em> libre ensuite<\/em>.<\/strong><\/li>\n\n\n\n<li><strong>Le samedi<\/strong>, cr\u00e9neau de jeu libre \u00e0 partir de 11h00 jusqu&rsquo;\u00e0 12h15 \u00e0 la Halle des sports.<\/li>\n<\/ul>\n\n\n\n<p><strong>Le jeu libre est accessible&nbsp;\u00e0 tous, le lundi apr\u00e8s 20h30 et le jeudi apr\u00e8s 21h30 + LE SAMEDI MATIN DE 11h \u00e0 12h15 Halle des Sports<\/strong><\/p>\n\n\n\n<p><strong><em>Cr\u00e9neaux jeunes :<\/em><\/strong><\/p>\n\n\n\n<ul class=\"wp-block-list\">\n<li><strong>Le lundi&nbsp;<\/strong>s\u00e9ances Ado avec 2 coachs,&nbsp;<strong>Cours&nbsp; de 18h15 \u00e0 19h30 pour les minimes \/ Cadet, puis de 19h30 \u00e0 20h30 pour les Juniors &amp; Cadet 2 comp\u00e9tition Salle Richard DACOURY<\/strong><\/li>\n\n\n\n<li><strong>Le mercredi<\/strong>&nbsp;s\u00e9ances avec G\u00e9raldine RENVERSEZ (13h30 \u00e0 15h) pour les jeunes de CE1 et CE2 &#8211; Halle des Sports<\/li>\n\n\n\n<li><strong>Le jeudi ,&nbsp;<\/strong>toutes les semaines<strong>&nbsp;(16h30-18h00)&nbsp; pour les jeunes de<\/strong> CM1 et CM2 &#8211; Salle Richard Dacoury. Un P\u00e9dibus sera mis en place pour ce cr\u00e9neau.<\/li>\n\n\n\n<li><strong>Le jeudi,<\/strong>&nbsp;s\u00e9ance avec Olivier KERNEIS, ,&nbsp;<strong>cours de 18h00 \u00e0 19h15 pour les ados P11, P12, Non Class\u00e9 et de 19h15 \u00e0 20h30 pour les ados class\u00e9s P10 et mieux &#8211; Salle Richard DACOURY<\/strong><\/li>\n\n\n\n<li><strong>Le samedi<\/strong>&nbsp;s\u00e9ance libre de 09h45 11h00 \u00e0 la Halle des sports.<\/li>\n<\/ul>\n\n\n\n<p>2 cours par semaine, conseill\u00e9s pour les jeunes<\/p>\n\n\n\n<div style=\"height:100px\" aria-hidden=\"true\" class=\"wp-block-spacer\"><\/div>\n\n\n\n<p class=\"has-text-align-center\"><strong><span style=\"text-decoration: underline;\">TARIF 2024 \/ 2025<\/span><\/strong><\/p>\n\n\n\n<p>S\u00e9nior : 110 \u20ac<\/p>\n\n\n\n<p>Ado : 100 \u20ac<\/p>\n\n\n\n<p>Enfant ( N\u00e9 en 2013 et apr\u00e8s) : 80 \u20ac<\/p>\n\n\n\n<p>Une r\u00e9duction de 5 \u20ac est appliqu\u00e9e si le dossier d&rsquo;inscription complet est rendu lors de notre assembl\u00e9 g\u00e9n\u00e9rale du 05 septembre 2024 \u00e0 19h30.<\/p>\n\n\n\n<div data-wp-interactive=\"core\/file\" class=\"wp-block-file\"><object data-wp-bind--hidden=\"!state.hasPdfPreview\" hidden class=\"wp-block-file__embed\" data=\"https:\/\/aob-badminton-orgeres.fr\/wp-content\/uploads\/2024\/08\/Dossier-adulte-2024-2025-AOB.pdf\" type=\"application\/pdf\" style=\"width:100%;height:600px\" aria-label=\"Contenu embarqu\u00e9 Dossier adulte 2024 2025 AOB.\"><\/object><a id=\"wp-block-file--media-c875a1b0-57d5-4343-9938-d4b66a564f55\" href=\"https:\/\/aob-badminton-orgeres.fr\/wp-content\/uploads\/2024\/08\/Dossier-adulte-2024-2025-AOB.pdf\">Dossier adulte 2024 2025 AOB<\/a><a href=\"https:\/\/aob-badminton-orgeres.fr\/wp-content\/uploads\/2024\/08\/Dossier-adulte-2024-2025-AOB.pdf\" class=\"wp-block-file__button wp-element-button\" download aria-describedby=\"wp-block-file--media-c875a1b0-57d5-4343-9938-d4b66a564f55\">T\u00e9l\u00e9charger<\/a><\/div>\n\n\n\n<div data-wp-interactive=\"core\/file\" class=\"wp-block-file\"><object data-wp-bind--hidden=\"!state.hasPdfPreview\" hidden class=\"wp-block-file__embed\" data=\"https:\/\/aob-badminton-orgeres.fr\/wp-content\/uploads\/2024\/08\/Dossier-jeune-2024-2025-AOB.pdf\" type=\"application\/pdf\" style=\"width:100%;height:600px\" aria-label=\"Contenu embarqu\u00e9 Dossier jeune 2024 2025 AOB.\"><\/object><a id=\"wp-block-file--media-2f5d2d1c-50e8-4c56-bd5b-f5d9c38d8b54\" href=\"https:\/\/aob-badminton-orgeres.fr\/wp-content\/uploads\/2024\/08\/Dossier-jeune-2024-2025-AOB.pdf\">Dossier jeune 2024 2025 AOB<\/a><a href=\"https:\/\/aob-badminton-orgeres.fr\/wp-content\/uploads\/2024\/08\/Dossier-jeune-2024-2025-AOB.pdf\" class=\"wp-block-file__button wp-element-button\" download aria-describedby=\"wp-block-file--media-2f5d2d1c-50e8-4c56-bd5b-f5d9c38d8b54\">T\u00e9l\u00e9charger<\/a><\/div>\n","protected":false},"excerpt":{"rendered":"<p>Contact saison 2025 \/ 2026 E-mail de l&rsquo;AOB : orgeres.bad@outlook.com Pr\u00e9sident : Matthieu PIOC &#8211; 06 61 74 85 91 Vice pr\u00e9sident : J\u00e9r\u00f4me BARON Tr\u00e9sorier : Damien BRIENS Secr\u00e9taire : Cleo Responsable technique : Olivier KERNEIS &#8211; 06 10 47 27 71 Cr\u00e9neaux Saison 2024 \/ 2025 Cr\u00e9neaux adultes : Le jeu libre est accessible&nbsp;\u00e0 tous, le lundi apr\u00e8s 20h30 et le jeudi apr\u00e8s 21h30 + LE SAMEDI MATIN DE 11h \u00e0 12h15 Halle des Sports Cr\u00e9neaux jeunes : 2 cours par semaine, conseill\u00e9s pour les jeunes TARIF 2024 \/ 2025 S\u00e9nior : 110 \u20ac Ado : 100 \u20ac Enfant ( N\u00e9 en 2013 et apr\u00e8s) : 80 \u20ac Une r\u00e9duction de 5 \u20ac est appliqu\u00e9e si le dossier d&rsquo;inscription complet est rendu lors de notre assembl\u00e9 g\u00e9n\u00e9rale du 05 septembre 2024 \u00e0 19h30.<\/p>\n","protected":false},"author":1,"featured_media":0,"parent":0,"menu_order":0,"comment_status":"closed","ping_status":"closed","template":"","meta":{"footnotes":""},"class_list":["post-853","page","type-page","status-publish","hentry"],"_links":{"self":[{"href":"https:\/\/aob-badminton-orgeres.fr\/index.php?rest_route=\/wp\/v2\/pages\/853","targetHints":{"allow":["GET"]}}],"collection":[{"href":"https:\/\/aob-badminton-orgeres.fr\/index.php?rest_route=\/wp\/v2\/pages"}],"about":[{"href":"https:\/\/aob-badminton-orgeres.fr\/index.php?rest_route=\/wp\/v2\/types\/page"}],"author":[{"embeddable":true,"href":"https:\/\/aob-badminton-orgeres.fr\/index.php?rest_route=\/wp\/v2\/users\/1"}],"replies":[{"embeddable":true,"href":"https:\/\/aob-badminton-orgeres.fr\/index.php?rest_route=%2Fwp%2Fv2%2Fcomments&post=853"}],"version-history":[{"count":5,"href":"https:\/\/aob-badminton-orgeres.fr\/index.php?rest_route=\/wp\/v2\/pages\/853\/revisions"}],"predecessor-version":[{"id":2348,"href":"https:\/\/aob-badminton-orgeres.fr\/index.php?rest_route=\/wp\/v2\/pages\/853\/revisions\/2348"}],"wp:attachment":[{"href":"https:\/\/aob-badminton-orgeres.fr\/index.php?rest_route=%2Fwp%2Fv2%2Fmedia&parent=853"}],"curies":[{"name":"wp","href":"https:\/\/api.w.org\/{rel}","templated":true}]}}